n) = n**2 + 6*n - 5. Calculate i(o).
-5
Let q(v) be the third derivative of v**6/20 + v**5/60 - v**4/24 - v**3/6 + 5*v**2. Calculate q(-1).
-5
Let v(c) = 6*c + 1. Let a(g) = -3*g. Let h = 3 - -4. Let o(p) = h*a(p) + 3*v(p). Let w = 4 - 2. Calculate o(w).
-3
Let m(v) = -v**2 + 5*v. Suppose 3*g + 15 = 8*g. Suppose -6 = -g*b + 6. Calculate m(b).
4
Let q be 16/9 + (-4)/(-18). Let f(n) = q + n + 0*n + 1 + 1. What is f(6)?
10
Let f(s) = 2*s**2 + 12*s - 4. Let z be f(-10). Let u be z/(-28) + (-2)/7. Let w(l) = -4*l - 2. What is w(u)?
10
Let d(h) = 3*h**2 + h + 3. Let p(a) = -2*a**2 - a - 3. Let f(x) = -3*d(x) - 4*p(x). Let z(n) be the first derivative of f(n). Give z(4).
-7
Let z(w) = 3*w**2 - 1. Let v be 0 - (13 - (2 - -1)). Let t = v - -11. What is z(t)?
2
Let a(v) = -1 + 3*v + 0*v + 45*v**2 - 44*v**2 - 2*v. Give a(-2).
1
Let g = 8 + -15. Let x(k) = k**2 + 7*k + 6. Give x(g).
6
Let o(s) = -s**3 - 3*s**2 + 6*s + 4. Let x be (-5)/20 - (-15)/(-4). Give o(x).
-4
Let z be 43/6 + 2/(-12). Let j = -6 + z. Suppose -5*u + 4 = -j. Let s(h) = 8*h**2 + h. Determine s(u).
9
Let k(y) = -3*y**2 - y. Let l(v) = v**3 - v**2 + v + 1. Suppose -s + 6*s = 0. Let q be l(s). Calculate k(q).
-4
Let u(w) = w**3 - 4*w**2 + 7. Let x be u(4). Suppose 0 = -4*l - x - 9. Let t(s) = 2*s + 5. Give t(l).
-3
Let r(v) = -6*v**2 - 7*v + 4. Let t(m) = -7*m**2 - 7*m + 4. Let f(h) = 6*r(h) - 5*t(h). Calculate f(-7).
4
Let d(u) = 7*u**3 - u**2 - u + 1. Let b be 34/8 - 2/8. Suppose -21 = -5*c + b. Suppose t = 6*t - c. Determine d(t).
6
Let t(s) = 2*s**3 + 6*s**2 + s + 1. Let w(z) = z**3 - z**2. Let h(f) = t(f) + 5*w(f). Calculate h(-1).
-6
Let u(f) = 1. Let s(n) = -n + 10. Let p(c) = s(c) - 6*u(c). Calculate p(8).
-4
Let c(a) = -a**2 + 6*a - 10. Let j be 2 + (7/1 - 4). Determine c(j).
-5
Let i = -39 - -32. Let u(n) = n + 4. Calculate u(i).
-3
Let b(y) = 2*y**2 + 4*y + 2. Let p(f) be the third derivative of 1/60*f**5 + 1/6*f**4 + 0 + 1/6*f**3 + 0*f + f**2. Let l be p(-3). What is b(l)?
2
Let j(w) = 0*w + 4 + w**3 - 5*w**2 - 3*w + 5*w. What is j(4)?
-4
Let f(l) = -l**3 - 5*l**2 + 9*l + 9. Let p(x) = -x - 9. Let c be p(-3). Determine f(c).
-9
Let p(i) = i**2 + 7*i + 2. Let w be 2 + 14 + -1*1. Let u = -19 + w. Give p(u).
-10
Let p(t) be the second derivative of -t**3/3 - 9*t**2/2 + 18*t. Determine p(-8).
7
Let d(c) be the third derivative of -c**4/12 + c**3 + 3*c**2 - 12. Give d(8).
-10
Let y(g) = 3*g - 26. Let s be y(10). Let q(b) = b + 2. Give q(s).
6
Let z(n) be the second derivative of n**3/6 + n**2 - n. Let f(o) = -o - 1. Let x(w) = 3*f(w) + 4*z(w). Calculate x(-4).
1
Let t be (-140)/(-25) - 6/10. Let x(p) = 2*p - 4*p**3 + 3 + p**2 - 2 + t*p**3 - 4*p**2. Calculate x(2).
1
Let z(y) be the third derivative of y**5/60 - 3*y**4/8 + 7*y**3/6 - 28*y**2. Give z(8).
-1
Let x(h) be the second derivative of -h**4/12 - h**2 + 3*h. Give x(3).
-11
Let k(w) be the first derivative of -w**4/4 + 3*w**3 - 7*w**2/2 - 4*w - 5. Calculate k(8).
4
Let z(o) = o**3 - 4*o**2 - 3*o + 5. Let y = 40 + -36. Determine z(y).
-7
Let v(s) be the second derivative of -s**4/12 - s**3/3 + s**2/2 - s. Let o(r) = 4*r - 1. Let a be o(-1). Let g = a + 3. Calculate v(g).
1
Suppose 2*w + 4 - 10 = 0. Let c(n) = 4*n**2 + n - 4. Let p(j) = -3*j**2 - j + 3. Let s = 14 + -19. Let f(x) = s*p(x) - 4*c(x). Give f(w).
-5
Let f be 10/(-25) + (-18)/5. Let g(n) = n**2 + 6*n + 6. Calculate g(f).
-2
Let j(u) = 6*u + 5. Let o(w) = -7*w - 5. Let l(b) = -6*j(b) - 5*o(b). Suppose -3*c + 5*c - 10 = 0. Give l(c).
-10
Suppose 0 = -37*u + 33*u + 12. Let y(h) be the second derivative of 2*h - 1/4*h**4 + 0 + 1/2*h**2 + 0*h**u. Calculate y(1).
-2
Let y be 6/(-4) - (-6)/(-4). Let d be ((-1)/(-2))/(y/(-6)). Let h(a) = 7*a**2 - 2*a + 0*a**2 + 0*a + 3*a. Calculate h(d).
8
Suppose -17 = 6*l - 17. Let n(d) = d - 10. Give n(l).
-10
Let c(a) = a**3 - 7*a**2 + 4. Let h be (7/(-4))/((-7)/28). Determine c(h).
4
Let c(v) = -v**2 + 3*v + 5. Let s = -5 - -15. Let z = -5 + s. Let h be c(z). Let j(i) = -i**3 - 4*i**2 + 4*i - 3. Calculate j(h).
2
Let v(o) be the first derivative of -o**2/2 + o + 2. Suppose -6*c = -4*c - 4. What is v(c)?
-1
Let r(f) = 9*f**2 - 10*f + 2. Let x(k) = -5*k**2 + 5*k - 1. Let q(b) = -6*r(b) - 11*x(b). Determine q(-6).
5
Let i(s) = s**3 + 9*s**2 - 10*s + 4. Let y be i(-10). Suppose b = -n - 5, 3*b + n + y = -9. Let x(h) = 2 + 5*h**2 - 3 + 4*h + h**3 + 3. Determine x(b).
2
Let a(h) = h**2 + 10*h - 28. Let j be a(-12). Let u(d) = -d**2 - 2*d + 1. What is u(j)?
-7
Let o(n) = 7 - 2*n - 13*n**2 - 7*n**2 + 19*n**2. Determine o(-5).
-8
Let c(w) = 6*w**2 - 2*w + 1. Let a(l) = -l**2 + l. Let m(u) = -5*a(u) - c(u). Determine m(-5).
-11
Let l(q) = -q**3 - 5*q**2 + q - 5. Suppose i = -0*i + 3. Let z(o) = -o**3 + 3*o**2 - 3*o + 4. Let f be z(i). What is l(f)?
-10
Let r(v) be the first derivative of -2*v - 2 - 1/2*v**2. Let h = 1 + -7. Give r(h).
4
Suppose 2*f - 8 = -6*f. Let u(n) = 4 + 2 + n - 5. Determine u(f).
2
Suppose -15 = -4*b + 5*s, -3*b - 4*s + 13 = -6. Suppose b*q - 7 = -2. Suppose -3*v - 14 = q. Let n(p) = p**2 + 4*p + 3. Calculate n(v).
8
Let y(s) be the first derivative of -2/3*s**3 + 1 - 2*s - s**2. Let q(f) = -f. Let k be q(2). What is y(k)?
-6
Let r(h) = -h**3 + 3*h**2 + 6*h - 2. Suppose -5*n = -5*b - 5, -2*n + 3*b - 1 = -0. Let p = 5 + 0. Suppose 0 = n*i - 4, 2*i = -p*t + 7 + 15. Calculate r(t).
6
Let w be (-2)/3 - (-16)/6. Suppose -w*m = 2*m. Let s(c) = c**2 + c + 3. What is s(m)?
3
Let c(k) = -5*k**3 - k**2 + k + 1. Let b be (-12)/(-8)*10/(-15). Give c(b).
4
Let w be 2/(-2*(-2)/(-8)). Let g(b) = -83*b**3 + 0 + 4*b**2 + 84*b**3 + 2 + 3 + 3*b. What is g(w)?
-7
Let a be -3 + (-4)/20*0. Let s(t) = t**3 + t**2 - 4*t - 2. Calculate s(a).
-8
Let g be (1*2)/((-2)/(-4)). Let u(z) = -7*z**2 - 21*z - 4. Let f(h) = 4*h**2 + 11*h + 2. Let j(n) = -11*f(n) - 6*u(n). Determine j(g).
-10
Let h be 2/(2/(-1 - -37)). Let d be (-4)/(-14) - h/28. Let t(l) = l**3 + 2*l**2 + l. What is t(d)?
0
Let a(n) be the first derivative of 2 + n**2 - 1/3*n**3 - n. Suppose 0 = z + 2*z - 9. What is a(z)?
-4
Suppose -2*c = 5*i - 23, 3*i + 9 = 4*c + 2. Let d = -7 + 12. Let q(r) = -3 - 3 - r**2 + 2 + 2 + d*r. Calculate q(i).
4
Let h = 10 - 10. Let a(y) = -9 - y**2 + 11 + 11. Determine a(h).
13
Let t(y) be the second derivative of -y**5/20 - y**4/6 - 2*y**3/3 - y**2 - 3*y. Calculate t(-2).
6
Let v be (-180)/(-54) - 1/3. Let f(x) be the second derivative of 0 + 1/6*x**v + 3*x - 5*x**2. Calculate f(5).
-5
Let s(n) = -3 - 2*n + 1 + 3 - 7. Give s(-7).
8
Let n = 25 + -31. Let b(z) = z**3 + 6*z**2 + z. Determine b(n).
-6
Suppose 0 = 5*n - 26 + 6. Suppose o - n = -3. Let c(a) be the third derivative of a**4/24 - a**3/6 + 2*a**2. Give c(o).
0
Let b = -15 + 18. Let c(a) = a - 5 - b + 2 - 2*a. What is c(-5)?
-1
Let p(t) = -t - 8. Suppose -5*a = -d - d + 2, 0 = -3*a - 2*d + 2. Give p(a).
-8
Let i = -13 + 13. Let x(l) = i + 4*l + 1 - 6 - 5*l. Determine x(0).
-5
Let t(d) = d**2 - 6*d + 7. Suppose -r - 15 = -4*r. Let w be t(r). Let n(j) = 3*j - 2*j + 0*j + w. What is n(4)?
6
Let l(w) = w + 1. Suppose -5*q + 4*g - 18 + 164 = 0, 152 = 5*q + 2*g. Let i be 16/(-10) - 12/q. Determine l(i).
-1
Let h(c) = -c**3 - 6*c**2 - 2*c + 1. Suppose 0*k - 12 = 4*k + 4*y, -5*k - 3*y - 21 = 0. Give h(k).
13
Suppose 0*b + 2 = b - 2*v, 5*b + 18 = -4*v. Let m(o) = -o**3 - 2*o**2 - o + 1. What is m(b)?
3
Let v(z) be the second derivative of -z**4/12 + 7*z**3/6 - z**2 + 14*z. Give v(5).
8
Let j = -3 - -6. Suppose 0 = l - d - 1, j - 8 = l - 4*d. Let r(c) = -c**3 - 4 + 2*c + 3*c**2 + 4*c**3 - 4*c**3. Determine r(l).
2
Let m(s) = s**3 - 3*s**2 + 4*s - 2. Let n(p) = p**2 + p + 4. Let y be n(0). Suppose y*z - 6*z = -16. Suppose 4*j - z + 20 = 2*a, -a + 8 = -3*j. Calculate m(a).
2
Let c(i) = i + 1. Let h(g) = -3*g**2 + 2*g - 5. Let s(k) = 5*k**2 - 4*k + 9. Let u(n) = 7*h(n) + 4*s(n). Let f be u(1). Give c(f).
-1
Let z(c) = c**3 - 3*c**2 - 5*c - 1. Let t be (4/3)/((-19)/(-57)). Calculate z(t).
-5
Let m be (-2 + -4)*12/18. Let r = m - -1. Let q(k) = -2*k**2 + 2*k. Let n(w) = -3*w**2 + 5*w - 1. Let l(b) = r*n(b) + 5*q(b). Determine l(-6).
-3
Let w(o) = o - 4. Let v be w(7). Let u(j) = -4*j**2 + 0*j**3 + 0*j + j**3 - 5 + v*j + 0*j. Determine u(4).
7
Let s(t) = 4*t**3 - t + 1. Let v be (-4)/(-6)*(-12)/(-8). What is s(v)?
4
L